6 (base 10) in base 3?
-10012
-166 (base 8) to base 10
-118
What is -6 (base 15) in base 14?
-6
Convert 2c (base 15) to base 4.
222
Convert -10 (base 4) to base 5.
-4
What is 27 (base 16) in base 10?
39
What is 234 (base 7) in base 8?
173
53 (base 8) to base 2
101011
What is -1041 (base 7) in base 13?
-228
Convert 9 (base 11) to base 16.
9
100121 (base 3) to base 9
317
What is -332 (base 4) in base 7?
-116
9b (base 13) to base 11
107
Convert 11 (base 2) to base 14.
3
323 (base 6) to base 7
234
Convert -2 (base 8) to base 16.
-2
What is 3 (base 12) in base 11?
3
Convert 2 (base 8) to base 4.
2
-1 (base 8) to base 15
-1
26 (base 12) to base 2
11110
20 (base 6) to base 2
1100
What is 11 (base 3) in base 8?
4
-22 (base 13) to base 10
-28
Convert 122 (base 8) to base 14.
5c
What is 5 (base 16) in base 7?
5
-20020 (base 3) to base 13
-cc
What is 23 (base 8) in base 12?
17
What is 11110 (base 2) in base 14?
22
Convert 11121 (base 3) to base 12.
a4
Convert -215 (base 11) to base 8.
-402
What is -355 (base 7) in base 10?
-187
Convert -1 (base 10) to base 14.
-1
Convert -2112 (base 3) to base 5.
-233
Convert 1 (base 5) to base 16.
1
Convert 56 (base 9) to base 13.
3c
Convert a9 (base 15) to base 9.
186
Convert -85 (base 12) to base 10.
-101
What is -31 (base 5) in base 11?
-15
What is 55 (base 13) in base 12?
5a
Convert 7 (base 8) to base 4.
13
Convert -1 (base 2) to base 8.
-1
Convert -45 (base 6) to base 12.
-25
Convert 2 (base 16) to base 9.
2
What is 1252 (base 6) in base 8?
500
7 (base 12) to base 13
7
Convert 0 (base 5) to base 7.
0
What is -434 (base 5) in base 7?
-230
Convert -3 (base 6) to base 13.
-3
What is 74 (base 11) in base 12?
69
Convert 5 (base 13) to base 7.
5
What is -10000 (base 2) in base 8?
-20
What is -4 (base 15) in base 7?
-4
-51 (base 9) to base 11
-42
What is -220 (base 3) in base 10?
-24
What is -10222 (base 3) in base 16?
-6b
1 (base 10) to base 13
1
-152 (base 16) to base 5
-2323
Convert 11 (base 2) to base 16.
3
What is 203 (base 8) in base 9?
155
-221 (base 6) to base 14
-61
Convert -12 (base 11) to base 9.
-14
Convert -6 (base 9) to base 2.
-110
Convert -3 (base 8) to base 16.
-3
What is -23 (base 11) in base 13?
-1c
320 (base 5) to base 16
55
16 (base 7) to base 15
d
Convert -1 (base 3) to base 4.
-1
Convert -21 (base 4) to base 13.
-9
-4 (base 9) to base 16
-4
Convert 2 (base 10) to base 9.
2
What is -2 (base 6) in base 9?
-2
What is -10 (base 8) in base 9?
-8
Convert 45 (base 13) to base 4.
321
Convert -110000 (base 2) to base 13.
-39
Convert -3 (base 9) to base 12.
-3
-72 (base 8) to base 4
-322
What is -1100 (base 3) in base 6?
-100
Convert -306 (base 10) to base 15.
-156
What is -23 (base 7) in base 14?
-13
-21 (base 10) to base 3
-210
32 (base 8) to base 9
28
2 (base 14) to base 5
2
Convert -2 (base 3) to base 16.
-2
-21 (base 5) to base 8
-13
-2 (base 11) to base 2
-10
-2 (base 11) to base 7
-2
What is 2 (base 13) in base 16?
2
-a9 (base 14) to base 4
-2111
Convert 40 (base 12) to base 14.
36
-7 (base 10) to base 2
-111
Convert 47 (base 11) to base 4.
303
-10 (base 6) to base 4
-12
Convert -4 (base 12) to base 13.
-4
What is -45 (base 11) in base 6?
-121
What is -34 (base 14) in base 3?
-1201
Convert -22 (base 9) to base 14.
-16
Convert -2 (base 9) to base 6.
-2
Convert 26 (base 12) to base 4.
132
Convert 1 (base 14) to base 3.
1
What is -8 (base 11) in base 9?
-8
Convert 5 (base 11) to base 15.
5
What is -121 (base 3) in base 4?
-100
What is 33 (base 8) in base 13?
21
What is 1115 (base 6) in base 7?
524
What is -59 (base 11) in base 2?
-1000000
Convert -3 (base 7) to base 6.
-3
Convert 64 (base 13) to base 12.
6a
What is -6 (base 7) in base 13?
-6
-3c (base 14) to base 6
-130
What is -3 (base 9) in base 6?
-3
Convert 5 (base 12) to base 3.
12
Convert 43 (base 5) to base 6.
35
Convert 131 (base 4) to base 8.
35
Convert 0 (base 7) to base 11.
0
-c (base 14) to base 3
-110
Convert -2 (base 10) to base 5.
-2
0 (base 4) to base 2
0
59 (base 11) to base 15
44
Convert 15 (base 10) to base 6.
23
What is -10 (base 12) in base 5?
-22
Convert -5 (base 14) to base 5.
-10
Convert -10 (base 14) to base 4.
-32
Convert 1 (base 15) to base 7.
1
2210 (base 3) to base 16
4b
12 (base 4) to base 7
6
What is 9 (base 13) in base 8?
11
What is -18 (base 13) in base 16?
-15
Convert 6 (base 13) to base 16.
6
-22 (base 3) to base 11
-8
1201 (base 4) to base 9
117
31 (base 7) to base 11
20
Convert -1 (base 2) to base 9.
-1
What is -30 (base 12) in base 15?
-26
-11 (base 10) to base 7
-14
What is 100 (base 4) in base 15?
11
Convert 3 (base 4) to base 15.
3
4 (base 14) to base 13
4
-100011011 (base 2) to base 7
-553
Convert -103 (base 6) to base 4.
-213
1 (base 16) to base 11
1
What is 13 (base 10) in base 15?
d
What is -1 (base 13) in base 8?
-1
What is 1 (base 14) in base 5?
1
-2 (base 15) to base 8
-2
What is -1f (base 16) in base 15?
-21
Convert -17 (base 16) to base 5.
-43
Convert -23 (base 7) to base 12.
-15
Convert -1 (base 15) to base 6.
-1
Convert -5 (base 7) to base 15.
-5
What is -88 (base 9) in base 2?
-1010000
Convert 3 (base 15) to base 8.
3
What is 32 (base 8) in base 11?
24
What is 133 (base 4) in base 14?
23
Convert 8b (base 14) to base 6.
323
What is 0 (base 11) in base 9?
0
Convert -6 (base 13) to base 6.
-10
What is 0 (base 7) in base 14?
0
Convert 3 (base 12) to base 5.
3
4 (base 5) to base 3
11
Convert -32 (base 6) to base 2.
-10100
Convert -3 (base 8) to base 6.
-3
What is -1 (base 13) in base 8?
-1
What is -111 (base 2) in base 12?
-7
What is 7 (base 14) in base 3?
21
What is 26 (base 13) in base 10?
32
What is 8e (base 16) in base 12?
ba
Convert 0 (base 16) to base 14.
0
What is 1c (base 14) in base 7?
35
Convert -130 (base 4) to base 7.
-40
-11 (base 7) to base 11
-8
What is 3 (base 10) in base 8?
3
Convert 1 (base 12) to base 3.
1
What is 6 (base 10) in base 16?
6
What is 23 (base 4) in base 2?
1011
-15 (base 9) to base 4
-32
Convert -13 (base 5) to base 16.
-8
What is -e (base 15) in base 10?
-14
Convert a (base 16) to base 4.
22
What is 1a (base 13) in base 7?
32
What is 10 (base 10) in base 15?
a
Convert -2 (base 4) to base 13.
-2
Convert 211 (base 3) to base 14.
18
What is 10 (base 7) in base 3?
21
7 (base 15) to base 3
21
Convert 0 (base 9) to base 11.
0
-1 (base 11) to base 4
-1
What is -4 (base 6) in base 11?
-4
1 (base 2) to base 5
1
What is 9 (base 16) in base 4?
21
Convert -45 (base 16) to base 3.
-2120
Convert 1 (base 13) to base 11.
1
Convert -14 (base 12) to base 13.
-13
-3 (base 5) to base 3
-10
Convert 3 (base 10) to base 16.
3
21 (base 8) to base 13
14
What is 185 (base 9) in base 16?
9e
What is -36 (base 15) in base 6?
-123
-7 (base 16) to base 9
-7
Convert -100 (base 2) to base 7.
-4
-3 (base 16) to base 14
-3
Convert -113 (base 9) to base 3.
-10110
Convert 36 (base 16) to base 2.
110110
Convert -22 (base 7) to base 4.
-100
-11 (base 4) to base 12
-5
Convert -51 (base 7) to base 13.
-2a
What is -1 (base 12) in base 6?
-1
What is 1101 (base 2) in base 8?
15
Convert -12 (base 14) to base 10.
-16
-3 (base 11) to base 4
-3
18 (base 14) to base 5
42
Convert 2 (base 12) to base 5.
2
111 (base 4) to base 16
15
-1 (base 2) to base 11
-1
6c (base 13) to base 4
1122
60 (base 11) to base 3
2110
3 (base 11) to base 2
11
-8 (base 14) to base 12
-8
What is -51 (base 11) in base 14?
-40
5 (base 6) to base 4
11
What is -11 (base 3) in base 7?
-4
What is -1011111 (base 2) in base 7?
-164
What is -231 (base 4) in base 6?
-113
What is 10101 (base 2) in base 3?
210
What is -1 (base 2) in base 5?
-1
Convert -103 (base 6) to base 12.
-33
What is -6 (base 15) in base 7?
-6
What is -8d (base 14) in base 15?
-85
Convert d (base 16) to base 12.
11
What is -2 (base 13) in base 12?
-2
-12 (base 3) to base 10
-5
What is 0 (base 11) in base 4?
0
What is -10 (base 7) in base 10?
-7
What is -4 (base 11) in base 16?
-4
-274 (base 11) to base 3
-102222
What is 5 (base 13) in base 3?
12
Convert 100021 (base 3) to base 8.
372
20 (base 3) to base 16
6
What is 464 (base 7) in base 16?
f2
Convert -133 (base 8) to base 14.
-67
Convert 70 (base 13) to base 6.
231
-4 (base 10) to base 6
-4
Convert -150 (base 9) to base 16.
-7e
4 (base 13) to base 15
4
Convert -59 (base 12) to base 16.
-45
What is 8 (base 12) in base 7?
11
What is 12